 common divisor of 84255613 and 403.
403
Calculate the greatest common factor of 71145 and 10605627.
837
What is the greatest common divisor of 150 and 51277600?
50
Calculate the highest common divisor of 1681174 and 3388.
242
What is the greatest common factor of 242 and 245572646?
242
What is the greatest common divisor of 10316890 and 14972?
394
What is the highest common divisor of 214 and 3553042?
214
What is the greatest common factor of 2810022 and 145440?
606
Calculate the highest common factor of 26917236 and 143136.
2556
Calculate the greatest common factor of 2031627 and 6993831.
17979
What is the greatest common factor of 625464 and 493544?
136
What is the greatest common factor of 245 and 38041983?
49
Calculate the greatest common factor of 7538301 and 492.
123
What is the greatest common factor of 927408 and 3192?
24
What is the highest common divisor of 414 and 50005926?
18
Calculate the greatest common factor of 7608448 and 1920.
128
Calculate the highest common divisor of 180158022 and 576.
18
Calculate the highest common factor of 182227673 and 2.
1
What is the highest common divisor of 9309 and 52867?
29
Calculate the greatest common divisor of 2177713 and 11954.
139
What is the greatest common divisor of 129908203 and 15265?
3053
What is the highest common factor of 2270832 and 1200?
48
Calculate the highest common factor of 1942403095 and 53.
53
What is the highest common factor of 586 and 20228720?
586
Calculate the greatest common divisor of 451292 and 4202108.
1756
Calculate the highest common divisor of 196210 and 38990.
70
Calculate the greatest common factor of 2756 and 34343894.
1378
What is the highest common divisor of 20399588 and 9592?
44
What is the greatest common divisor of 57992542 and 3145?
629
Calculate the highest common divisor of 180 and 1321831860.
60
What is the greatest common divisor of 18728304 and 168?
168
What is the greatest common factor of 22088089 and 10013?
589
Calculate the greatest common factor of 42136 and 1414408.
184
What is the greatest common factor of 47222 and 10540625?
3373
Calculate the greatest common factor of 1428 and 560607.
3
What is the highest common factor of 3397 and 7457662?
43
Calculate the greatest common factor of 6489424 and 366.
122
Calculate the highest common factor of 10808853 and 418.
209
What is the greatest common factor of 29556 and 1071?
9
Calculate the greatest common factor of 12500 and 10439500.
500
What is the greatest common divisor of 51842 and 12306?
14
Calculate the highest common factor of 34 and 3879890518.
34
Calculate the greatest common divisor of 29124900 and 1593.
27
What is the greatest common factor of 3200732 and 2051?
293
What is the highest common divisor of 3793082 and 176542?
1714
Calculate the highest common factor of 49668781 and 697.
17
What is the highest common divisor of 6728 and 54197404?
3364
Calculate the highest common factor of 4117 and 5349594.
179
Calculate the greatest common divisor of 12 and 5371257.
3
What is the highest common divisor of 8271448 and 16?
8
Calculate the greatest common divisor of 28296128 and 110854.
2578
Calculate the highest common factor of 150458 and 210826.
154
What is the highest common divisor of 782 and 13515306?
782
Calculate the highest common divisor of 191854 and 497354.
1222
What is the highest common factor of 392 and 5184956?
28
Calculate the greatest common divisor of 8507856 and 29904.
336
What is the greatest common divisor of 1036086 and 6906?
6
Calculate the greatest common divisor of 3 and 94414.
1
Calculate the greatest common divisor of 1105 and 5274828.
221
Calculate the highest common factor of 9462070 and 230.
10
What is the highest common divisor of 2254 and 1083208?
322
Calculate the highest common divisor of 1 and 37406313.
1
What is the highest common factor of 5 and 12799834?
1
Calculate the highest common divisor of 21321690 and 1365.
195
Calculate the greatest common divisor of 16938 and 294762604.
1882
Calculate the highest common factor of 47748 and 791984139.
11937
Calculate the greatest common divisor of 54816406 and 3496.
874
Calculate the highest common divisor of 1040 and 5051943.
13
What is the highest common divisor of 356 and 110700336?
356
Calculate the greatest common factor of 74566 and 10166.
46
Calculate the highest common factor of 121637002 and 16542.
1838
Calculate the highest common divisor of 1701180 and 84.
12
What is the highest common factor of 247 and 3643991?
247
What is the highest common divisor of 11342355 and 735?
15
Calculate the highest common divisor of 50 and 12693110.
10
Calculate the highest common factor of 112 and 2334045.
7
Calculate the greatest common divisor of 40989174 and 6348.
138
Calculate the greatest common divisor of 219841138 and 88.
22
Calculate the greatest common factor of 850200 and 45.
15
Calculate the greatest common factor of 253290 and 30.
30
Calculate the greatest common factor of 95 and 48005837.
19
What is the greatest common factor of 54821947 and 1161?
43
Calculate the highest common divisor of 69 and 1759661.
23
Calculate the greatest common divisor of 153 and 2283695.
17
What is the greatest common divisor of 516061 and 209827?
5671
Calculate the highest common divisor of 2464495 and 110.
55
Calculate the greatest common divisor of 2216 and 30865556.
1108
What is the greatest common factor of 126 and 792771?
21
What is the highest common divisor of 5 and 9888785?
5
Calculate the greatest common factor of 310 and 135861995.
155
What is the highest common factor of 29893744 and 11776?
368
What is the greatest common divisor of 432 and 10503?
27
Calculate the greatest common divisor of 16926 and 19171857.
93
What is the greatest common factor of 81 and 254781?
9
Calculate the highest common factor of 82655700 and 475.
475
What is the highest common divisor of 25270 and 48526?
38
What is the highest common factor of 1672667 and 31?
31
What is the greatest common divisor of 14326 and 1758705?
377
Calculate the greatest common factor of 183744 and 447546.
66
What is the highest common divisor of 5875 and 3065575?
1175
Calculate the highest common divisor of 493 and 214874050.
493
Calculate the highest common divisor of 12 and 2109034.
2
What is the highest common divisor of 130 and 7334405?
65
What is the greatest common divisor of 2611109761 and 13?
13
Calculate the highest common divisor of 10608 and 7751016.
312
Calculate the highest common divisor of 2562 and 1676892.
42
Calculate the highest common divisor of 407979 and 125424.
117
What is the highest common factor of 1682 and 201578449?
841
What is the highest common factor of 399270 and 114?
6
What is the highest common divisor of 6313619 and 39?
13
What is the greatest common divisor of 332702 and 314?
2
What is the highest common divisor of 900 and 27124920?
180
What is the greatest common divisor of 23707365 and 32085?
345
Calculate the highest common factor of 13889 and 72029.
323
Calculate the highest common divisor of 4841208 and 496.
248
What is the highest common divisor of 1852213 and 2959?
11
What is the greatest common divisor of 6037788 and 5202?
1734
What is the greatest common factor of 150447420 and 360?
180
What is the highest common factor of 48631800 and 1680?
840
Calculate the highest common divisor of 50 and 798195250.
50
Calculate the highest common factor of 1164 and 5566266.
6
Calculate the greatest common factor of 64275 and 107175.
75
Calculate the greatest common divisor of 1679832 and 43164.
396
Calculate the greatest common factor of 16 and 767344664.
8
What is the highest common divisor of 10016102 and 200546?
1018
Calculate the highest common divisor of 363 and 2573912.
121
What is the highest common divisor of 247977 and 76287?
177
Calculate the greatest common divisor of 816 and 45285348.
204
What is the greatest common factor of 100188 and 337227?
363
Calculate the highest common factor of 16 and 15055912.
8
Calculate the greatest common divisor of 1313 and 98677.
101
Calculate the highest common factor of 2718 and 17496370.
302
Calculate the greatest common factor of 23184 and 9050202.
126
What is the greatest common divisor of 1450 and 1654334?
58
Calculate the highest common divisor of 2896 and 6304568.
8
What is th